the prime factors of b(y).
5
Let d(r) = -7*r + 3. Let v(u) = 8*u - 2. Let y(m) = 6*d(m) + 5*v(m). Let c be y(5). What are the prime factors of (2 + -48)/c - 3?
2, 5
Suppose 3*g = -67 - 47. Let c = 3 - g. What are the prime factors of c?
41
Let t(x) be the third derivative of x**5/60 - x**4/8 + x**3 - 3*x**2. What are the prime factors of t(8)?
2, 23
Suppose 463*y = 466*y - 1503. What are the prime factors of y?
3, 167
Suppose 0 = -2*d - 2*d - 16. List the prime factors of (d/(-2))/(22/209).
19
Let u(r) = -r**3 - 12*r**2 - 15*r - 6. Let o be u(-10). List the prime factors of (-56)/(-6)*(-144)/o.
2, 3
Suppose -4*a = 3*q + 32, 2*a + 6 = q - 0*a. List the prime factors of 792/(-20)*10/q.
3, 11
Suppose -c + 3 + 7 = 0. Let a = c + 35. List the prime factors of a.
3, 5
Let j(x) be the second derivative of 2*x**4/3 - x**3/6 - x**2/2 - 2*x - 4. Let n = -3 + 2. What are the prime factors of j(n)?
2
List the prime factors of ((-45)/(-2))/((-5)/330*-3).
3, 5, 11
List the prime factors of ((-318)/(-18))/((-1)/(-18)).
2, 3, 53
Suppose -220*u = -209*u - 18964. List the prime factors of u.
2, 431
Suppose p + 2*k + 0 = 23, 4*p - 2*k = 82. List the prime factors of (-7)/p*-6 + 7*19.
3, 5
Let t be (-5)/(-2)*12/10. Suppose 5*b + 20 = 2*i, 8 = 4*b - t*b + 2*i. What are the prime factors of (3/6)/(b/(-72))?
2, 3
Suppose 2*j = -j + 51. Let z(h) = h**3 - 17*h**2 + 4*h + 11. Let t be z(j). Suppose 0 = 3*a - 71 - t. What are the prime factors of a?
2, 5
What are the prime factors of (367 + 32)*(-28)/(-12)?
7, 19
Let c(p) = -p - 24. Let u be c(-22). Let w(i) = -3*i**3 + 4*i**2 + 4*i + 2. What are the prime factors of w(u)?
2, 17
Let g(f) = 26 + f - 2*f + 2*f. Let c be g(12). Suppose -100 = -2*h - i + 5*i, -h + c = 2*i. List the prime factors of h.
2, 11
Let d(q) be the third derivative of q**4/4 + q**3/6 + 3*q**2. List the prime factors of d(5).
31
Suppose 0*q - q = -4*q. Suppose q = -53*z + 50*z + 687. List the prime factors of z.
229
Suppose 3822 = 2*f - 3*d, 2*d = 2*f - 815 - 3003. What are the prime factors of f?
3, 5, 127
Let c be 2/(-20)*4 - (-178)/(-5). Let b = c + 71. What are the prime factors of b?
5, 7
Let y = -9 - -9. Let h be 12 + y*(-1)/2. Suppose -n + 3 = -h. What are the prime factors of n?
3, 5
Let w be -1 - 31 - 1/(-1). Let x be 18/63 - 1268/84*3. Let n = w - x. List the prime factors of n.
2, 7
Suppose 2*i = i + 5, 2*i = -b + 2955. List the prime factors of b.
5, 19, 31
Suppose 5*z = 8*z + 15. List the prime factors of z/30 + 235/6.
3, 13
Let q(m) = -m + 12. Let x be q(8). Let y = x - 4. Suppose -5*t = -2*a - 205, -t + 44 = -a - y*a. What are the prime factors of t?
3, 13
Let l(k) = 466*k + 664. List the prime factors of l(9).
2, 7, 347
Suppose -125 = -4*s + n, -3*s - 2*s - 3*n = -169. Let w = 4 + s. What are the prime factors of w?
2, 3
Let k(j) = 87*j + 22. What are the prime factors of k(9)?
5, 7, 23
Suppose 5*s + u - 693 = 0, -4*s - 2*u = -0*s - 558. Suppose 0 = 4*p - s - 98. What are the prime factors of p?
59
Let x = 33 - 31. Suppose 5*q - 15 = 0, -o + 5*q = x*o - 471. What are the prime factors of o?
2, 3
Suppose 250 = r + 3*q, 0 = r + 5*q - 7*q - 245. List the prime factors of r.
13, 19
Suppose -2*h + 0*h + 94 = 0. Suppose 37 = -16*w - 443. Let c = w + h. List the prime factors of c.
17
Let l be 2/(-5)*(-400)/32. Suppose 0 = -l*d + d + 392. What are the prime factors of d?
2, 7
List the prime factors of ((-1428944)/20)/(-22) + 2/5.
2, 7, 29
Let b = 50 - -157. List the prime factors of b.
3, 23
Let x(b) = -b**3 + 8*b**2 - 6*b + 5. Let g(s) = s**2 - s. Let n(v) = -5*g(v) + x(v). List the prime factors of n(3).
2
Let b(j) = -6*j - 60. Let z be b(-11). What are the prime factors of ((-57)/z*18)/(0 + -1)?
3, 19
List the prime factors of (-1)/((-1)/(-3)*3/(-2199)).
3, 733
Let a(o) = 56*o - 15. Let v(u) = -u**3 + 21*u**2 - 19*u - 15. Let j be v(20). List the prime factors of a(j).
5, 53
Suppose 4*t - 5*z + 3*z - 72 = 0, -112 = -5*t - 3*z. List the prime factors of 184 + -4*(3 + t/(-8)).
2, 7, 13
Suppose 56 = -f + 9*f. Suppose 0 = 8*a - f*a - 41. List the prime factors of a.
41
Let x(f) = -34 + 57*f + 16 + 14. Let t be x(-1). What are the prime factors of -5 - (-1 - 1) - t?
2, 29
Suppose 3*b - 3 = 0, 9 - 3 = 5*d - 4*b. Suppose -70 = -0*q - d*q. Let m = q + -25. List the prime factors of m.
2, 5
Suppose -87*v = -86*v - 270. What are the prime factors of v?
2, 3, 5
Let w = -49 - 26. Let m(n) = -n**3 - 5*n**2 + 7*n + 4. Let z be m(-8). Let h = z + w. List the prime factors of h.
5, 13
Suppose -8*o + 5*o + 9 = 0. Let b(z) = -z**3 + 7*z**2 - 4*z + 1. Let l be b(o). Suppose -l = -4*w + 55. What are the prime factors of w?
2, 5
Let u = -7 + 11. Suppose -2 = -n, u*s + 10*n = 5*n + 350. List the prime factors of s.
5, 17
List the prime factors of (-35)/(2695/42) + (-37395)/(-11).
3, 11, 103
Suppose 121 = -4*c + 25. Suppose 0 = 4*k + 5 - 1. Let x = k - c. What are the prime factors of x?
23
Let p(l) = l**3 + 3*l**2 - 7*l - 10. Let a be p(-4). Suppose -a*u = u - 402. What are the prime factors of u?
2, 67
Let d(y) = -y**2 - 14*y - 2 - 4 - 1 + 17. List the prime factors of d(-7).
59
Let c be (-4)/(-14) - (-35)/49. List the prime factors of (-2 + c)/((-1)/59).
59
Let r(h) = h**2 - 8*h + 127. Suppose 10*o = 14*o. List the prime factors of r(o).
127
Suppose -2*g + i + 10 = 0, -i = -3*i. Suppose 9*k = g*k + 48. List the prime factors of k.
2, 3
Suppose -3*b - 3*b + 24 = 0. Suppose 5*y - 383 = -4*v, 0 = -3*y + v + b*v + 215. Suppose 2*i - y = j, 3*j = -3*i + 70 + 56. What are the prime factors of i?
3, 13
Let l be ((-147)/(-28))/(1/76). List the prime factors of 8/(-2)*5/((-70)/l).
2, 3, 19
Let u(s) = s**3 + 5*s**2 - 6*s. Let f be u(-6). Suppose f = 2*r + 4 + 60. What are the prime factors of (r/20)/((-3)/30)?
2
Suppose 1826 - 434 = -4*a - 4*t, -4*a - 1407 = -t. Let j = -235 - a. List the prime factors of j.
2, 29
Suppose -37540 = -38*d + 28*d. What are the prime factors of d?
2, 1877
Let b = -13 + 5. Let i = -8 - b. Suppose i = -3*w + 4*d - 2 - 6, -2*d + 18 = 2*w. What are the prime factors of w?
2
Let n = 2620 + -1416. List the prime factors of n.
2, 7, 43
Let k = -24 + 1. Let c = k + 17. What are the prime factors of 2 - c/(-4)*-2?
5
Suppose 2*q + p - 1817 = 0, 4*q + 5*p + 594 - 4231 = 0. What are the prime factors of q?
2, 227
Suppose -15 = -5*s, 36*s - 41*s + 5584 = o. What are the prime factors of o?
5569
Let v be (-80)/14*(-35)/10. Suppose 0 = 18*j - v*j + 178. What are the prime factors of j?
89
Suppose -3*f - f + 3*q = 8, 5*q = -f - 25. Suppose -2*s + 10 = -4. Let p = f + s. What are the prime factors of p?
2
Let o(l) = -896*l + 6. Let u be o(-2). What are the prime factors of (-16)/20 + u/10?
179
Suppose -19 = 3*z - 6*z + c, 5*c = 5*z - 35. What are the prime factors of (2 - 2) + 12/z*5?
2, 5
Suppose -2*i + 0*i = -20. Suppose -i*d + 5*d = 10. Let r = 12 - d. What are the prime factors of r?
2, 7
Let n(h) = 2*h**3 - 22*h**2 + 57*h + 39. List the prime factors of n(12).
3, 337
Let b be 63 + 2/(-4)*6. Suppose 4*v + b = 6*v. What are the prime factors of v?
2, 3, 5
Suppose 0 = m - 4*c - 15, 7 = -2*m - 4*c + 1. Let u(h) = -h**3 + 2*h**2 + 3*h + 42. Let k be u(0). Suppose -m*a - k = -5*a. What are the prime factors of a?
3, 7
Let y(w) = 4*w**2 - 2*w + 1. Let d be y(-4). Let r = -129 + 87. Let n = r + d. List the prime factors of n.
31
Suppose -5*z = l - 394, 25 = 5*z - 0*z. Suppose 7*o - 408 - l = 0. Suppose -4*x = 11 - o. List the prime factors of x.
5
Let t(a) = -330*a - 733. List the prime factors of t(-19).
7, 113
Suppose -5*s + 1875 = 600. List the prime factors of s.
3, 5, 17
Let v be 4 - (195/10)/((-1)/2). Suppose -4*s = 5*k - v, -3*k - 6 + 29 = 2*s. What are the prime factors of s?
7
Suppose 4*m = -2*u + 3262, -4050 = -5*m + 2*u + u. What are the prime factors of m?
3, 271
Suppose 0 = -3*i - 4*i. Suppose i = -3*b - 2*l + 3, 6 = -4*b - l + 15. Suppose 3*y = -b*o - o + 98, 2*y + 2*o = 68. List the prime factors of y.
2, 19
Suppose 597*x - 614*x + 39168 = 0. List the prime factors of x.
2, 3
Suppose -6*q = 4*i - q - 1404, 5*i - 1742 = -3*q. List the prime factors of i.
2, 173
Let d(t) = -t**3 + 8*t**2 - 11*t + 5. Let l be d(7). Let r = l + 48. What are the prime factors of r?
5
Suppose -3 = -5*u + 17. Suppose u*s + 16 + 52 = -5*z, 3*s - 89 = 5*z. Let o =